osite?
False
Is 38361326 a composite number?
True
Is 546000187 a prime number?
True
Is 18176339 composite?
False
Is 6541391 prime?
False
Is 102208955 a composite number?
True
Is 3529415 composite?
True
Is 542683 prime?
True
Is 91152901 prime?
False
Is 998273 a composite number?
False
Is 429516781 prime?
False
Is 497093 prime?
True
Is 699203 prime?
False
Is 7032323 composite?
True
Is 11640611 prime?
True
Is 621636097 prime?
False
Is 69516779 a composite number?
True
Is 115227557 composite?
False
Is 2155637 composite?
True
Is 55647505 prime?
False
Is 3655199 prime?
True
Is 2408093 a composite number?
False
Is 65656183 composite?
True
Is 5412091 a prime number?
True
Is 1835287 a prime number?
False
Is 329226629 composite?
True
Is 7310399 a prime number?
True
Is 68006501 a composite number?
False
Is 1342423327 a composite number?
True
Is 246271 composite?
False
Is 75566707 a prime number?
False
Is 11959135 a composite number?
True
Is 4187303 a prime number?
True
Is 259616993 a prime number?
True
Is 844435 composite?
True
Is 29979151 prime?
False
Is 120643 a composite number?
True
Is 4443547 prime?
False
Is 3891583 composite?
True
Is 8063453 prime?
True
Is 46751169 composite?
True
Is 26773463 a prime number?
True
Is 117629173 a prime number?
True
Is 59032901 a composite number?
False
Is 11956697 a composite number?
True
Is 116967679 a prime number?
True
Is 9543029 a composite number?
False
Is 4461383 a composite number?
True
Is 110232479 a prime number?
False
Is 8911031 prime?
True
Is 6680851 a composite number?
False
Is 48938887 composite?
False
Is 43368463 composite?
False
Is 24740707 prime?
False
Is 274094737 composite?
True
Is 182113111 prime?
True
Is 3597941 composite?
False
Is 225921947 prime?
False
Is 2126329 composite?
False
Is 1243889 prime?
True
Is 728093899 prime?
False
Is 293893 prime?
True
Is 2645809 a composite number?
False
Is 4583261 a prime number?
True
Is 12393047 composite?
False
Is 5475637 a composite number?
False
Is 3126121 a prime number?
True
Is 680476981 a prime number?
True
Is 174543703 composite?
False
Is 38195666 prime?
False
Is 243416977 a composite number?
True
Is 302261 composite?
False
Is 29832953 prime?
False
Is 11475041 composite?
False
Is 16078003 prime?
True
Is 44620603 prime?
False
Is 2903161 prime?
False
Is 2083643 a prime number?
True
Is 25747507 prime?
True
Is 603586303 a prime number?
False
Is 5527747 composite?
False
Is 2099969 a prime number?
False
Is 969593 composite?
False
Is 55525517 composite?
True
Is 20131939 composite?
False
Is 1938343 a composite number?
True
Is 50214829 a composite number?
True
Is 92173591 prime?
True
Is 2195521 a prime number?
True
Is 1954945 a prime number?
False
Is 14295109 a prime number?
True
Is 19909867 a composite number?
False
Is 5471 composite?
False
Is 409371905 composite?
True
Is 102433543 a composite number?
True
Is 3243401 a prime number?
False
Is 14475037 prime?
True
Is 599969 composite?
True
Is 1470709 a prime number?
True
Is 74725661 a prime number?
True
Is 51327649 a prime number?
False
Is 8920099 a prime number?
False
Is 71906774 a composite number?
True
Is 13789933 a composite number?
False
Is 8995751 a composite number?
False
Is 3256343 prime?
False
Is 1011353 a prime number?
False
Is 87696839 a prime number?
True
Is 10744537 prime?
True
Is 6932581 a composite number?
False
Is 32623069 prime?
True
Is 17269829 prime?
False
Is 6979339 composite?
True
Is 3499491 a composite number?
True
Is 42798893 prime?
True
Is 14669009 a composite number?
True
Is 6964921 a composite number?
False
Is 1238267 prime?
True
Is 5078167 composite?
False
Is 2447897 prime?
True
Is 3225941 composite?
True
Is 195091049 composite?
False
Is 24548611 composite?
False
Is 983649049 a composite number?
False
Is 486119 prime?
True
Is 1124531 a prime number?
True
Is 94488367 composite?
False
Is 2459099 a composite number?
False
Is 45354157 prime?
False
Is 211613 composite?
True
Is 2711249 prime?
False
Is 223616931 composite?
True
Is 21199709 a prime number?
True
Is 1214159 a composite number?
False
Is 122789 a prime number?
True
Is 32704629 a prime number?
False
Is 8438869 a prime number?
False
Is 212292923 prime?
False
Is 2475521 composite?
True
Is 793744291 a composite number?
False
Is 5206009 composite?
True
Is 17516911 a composite number?
False
Is 49262029 a composite number?
True
Is 12579713 a prime number?
True
Is 191302 prime?
False
Is 7171933 a composite number?
False
Is 2973677 prime?
False
Is 9740722 a composite number?
True
Is 19790203 a prime number?
True
Is 27729599 a composite number?
True
Is 8039 a composite number?
False
Is 17182841 a composite number?
True
Is 17248739 a prime number?
False
Is 5564413 prime?
False
Is 3733313 a prime number?
True
Is 451606603 a prime number?
False
Is 1288153 a prime number?
False
Is 400643 composite?
False
Is 4125145 a prime number?
False
Is 927019 a composite number?
True
Is 9653821 a composite number?
False
Is 662687 composite?
True
Is 4545353 prime?
False
Is 125953847 a composite number?
False
Is 56291293 prime?
True
Is 29652563 composite?
True
Is 43481423 prime?
True
Is 8763541 a composite number?
True
Is 5591597 a prime number?
False
Is 92707499 composite?
False
Is 303718793 prime?
False
Is 264053 a prime number?
True
Is 2815733 a prime number?
True
Is 32670458 composite?
True
Is 1915432003 prime?
True
Is 203819909 a prime number?
True
Is 29751181 prime?
True
Is 997393 prime?
False
Is 537078103 composite?
True
Is 286181639 a composite number?
True
Is 28436809 a composite number?
True
Is 1986011 a composite number?
True
Is 9848087 a composite number?
True
Is 43881611 prime?
False
Is 129203803 a composite number?
True
Is 1352597 a prime number?
True
Is 1734787 prime?
True
Is 673850087 prime?
False
Is 31262485 prime?
False
Is 3292951 a prime number?
False
Is 102241 a prime number?
True
Is 2518033 prime?
False
Is 13678787 a composite number?
True
Is 79938017 a prime number?
True
Is 2151631 prime?
False
Is 20591159 a composite number?
False
Is 6093037 prime?
False
Is 2834207 a composite number?
True
Is 39896873 prime?
True
Is 95175841 composite?
False
Is 3517179 a composite number?
True
Is 155848637 a composite number?
True
Is 5150399 a composite number?
True
Is 10291091 composite?
True
Is 20670941 composite?
False
Is 459733 composite?
True
Is 12323 prime?
True
Is 1648349 composite?
False
Is 170993455 a composite number?
True
Is 460560791 prime?
True
Is 1868309 a composite number?
False
Is 160371511 composite?
False
Is 8554457 prime?
False
Is 636017 a prime number?
True
Is 180533849 a prime number?
True
Is 3933191 composite?
True
Is 3085373 a prime number?
False
Is 35286403 a prime number?
False
Is 29113507 a composite number?
True
Is 37785907 a prime number?
True
Is 85991101 a composite number?
True
Is 20428459 a composite number?
False
Is 432784019 a prime number?
False
Is 6113837 a composite number?
True
Is 9544201 a prime number?
False
Is 4978847 a composite number?
False
Is 817457 a composite number?
False
Is 239959319 a composite number?
True
Is 193451617 a prime number?
False
Is 94134757 a composite number?
False
Is 274073669 prime?
False
Is 755257 composite?
False
Is 37052879 a composite number?
True
Is 2786077 composite?
True
Is 77684881 a prime number?
False
Is 370717799 a composite number?
False
Is 31778587 composite?
True
Is 694244689 prime?
False
Is 40823051 a composite number?
False
Is 48449659 prime?
False
Is 63675679 a prime number?
True
Is 10988893 a prime number?
True
Is 24551129 composite?
False
Is 8552239 a composite number?
True
Is 187586695 a prime number?
False
Is 27374569 composite?
False
Is 233918693 prime?
False
Is 1263239 a composite number?
False
Is 87916813 a composite number?
False
Is 128531357 a prime number?
True
Is 37837307 a composite number?
False
Is 39541793 a prime number?
False
Is 20299403 composite?
True
Is 439057 prime?
False
Is 62102743 prime?
True
Is 80011051 a prime number?
True
Is 93734671 a composite number?
False
Is 18855559 composite?
False
Is 557603 prime?
False
Is 1614505 composite?
True
Is 473158057 composite?
False
Is 227219939 composite?
False
Is 45995441 a composite number?
False
Is 2206118 a prime number?
False
Is 1953233 composite?
False
Is 1897277 a prime number?
True
Is 5798631 composite?